{"id":1310,"date":"2018-05-29T23:25:33","date_gmt":"2018-05-29T21:25:33","guid":{"rendered":"http:\/\/orchestrejonas.eu\/?page_id=1310"},"modified":"2018-06-04T16:28:59","modified_gmt":"2018-06-04T14:28:59","slug":"qui-sommes-nous","status":"publish","type":"page","link":"https:\/\/orchestrejonas.eu\/index.php\/accueil\/qui-sommes-nous\/","title":{"rendered":"Qui sommes-nous ?"},"content":{"rendered":"<h4><img fetchpriority=\"high\" decoding=\"async\" class=\"alignleft wp-image-308 \" src=\"https:\/\/i0.wp.com\/orchestrejonas.eu\/wp-content\/uploads\/2018\/02\/jonas-auditorium.jpg?resize=700%2C262\" alt=\"\" width=\"700\" height=\"262\" srcset=\"https:\/\/i0.wp.com\/orchestrejonas.eu\/wp-content\/uploads\/2018\/02\/jonas-auditorium.jpg?w=1920&amp;ssl=1 1920w, https:\/\/i0.wp.com\/orchestrejonas.eu\/wp-content\/uploads\/2018\/02\/jonas-auditorium.jpg?resize=300%2C112&amp;ssl=1 300w, https:\/\/i0.wp.com\/orchestrejonas.eu\/wp-content\/uploads\/2018\/02\/jonas-auditorium.jpg?resize=768%2C288&amp;ssl=1 768w, https:\/\/i0.wp.com\/orchestrejonas.eu\/wp-content\/uploads\/2018\/02\/jonas-auditorium.jpg?resize=1024%2C383&amp;ssl=1 1024w, https:\/\/i0.wp.com\/orchestrejonas.eu\/wp-content\/uploads\/2018\/02\/jonas-auditorium.jpg?resize=700%2C262&amp;ssl=1 700w, https:\/\/i0.wp.com\/orchestrejonas.eu\/wp-content\/uploads\/2018\/02\/jonas-auditorium.jpg?resize=1068%2C400&amp;ssl=1 1068w, https:\/\/i0.wp.com\/orchestrejonas.eu\/wp-content\/uploads\/2018\/02\/jonas-auditorium.jpg?w=1400 1400w\" sizes=\"(max-width: 700px) 100vw, 700px\" data-recalc-dims=\"1\" \/><\/h4>\n<h5>&nbsp;<strong><span style=\"color: #3796f0;\">&nbsp; &nbsp; &nbsp;&nbsp;<\/span><\/strong><\/h5>\n<h5 style=\"text-align: left;\"><strong><span style=\"color: #3796f0;\">L\u2019orch<\/span><span style=\"color: #3796f0;\">estre Jonas est un ensemble symphonique franco-allemand cr\u00e9\u00e9 en 2015. Les musiciens amateurs et semi-professionnels qui le composent sont \u00e2g\u00e9s de 15 \u00e0 65 ans.<\/span><\/strong><\/h5>\n<p style=\"text-align: left;\">Au travers de la musique, Jonas a pour ambition de cr\u00e9er des liens entre les g\u00e9n\u00e9rations et les diff\u00e9rentes cultures. De Bach \u00e0 John Williams, en passant par Beethoven et Tcha\u00efkovski, les musiciens explorent tous les styles et r\u00e9pertoires musicaux sous la direction de leur chef Nicolas Jean. Cet ensemble instrumental a \u00e9t\u00e9 pens\u00e9 pour permettre \u00e0 des instrumentistes amateurs de c\u00f4toyer, dans une ambiance chaleureuse et stimulante, des musiciens professionnels ou en voie de professionnalisation.&nbsp;<\/p>\n<p style=\"text-align: left;\">Bas\u00e9 \u00e0 Strasbourg, l\u2019orchestre se produit dans toute la R\u00e9gion Grand Est et projette de traverser les fronti\u00e8res pour continuer \u00e0 faire vivre la musique Outre-Rhin. L\u2019orchestre a \u00e9galement \u00e0 c\u0153ur de d\u00e9velopper divers partenariats musicaux (concerts en collaboration avec des ch\u0153urs, de jeunes chanteurs lyriques, des organistes professionnels,\u2026).&nbsp;<\/p>\n<div class=\"jetpack-video-wrapper\"><iframe title=\"JONAS - Pr\u00e9sentation de l&#039;orchestre\" width=\"700\" height=\"394\" src=\"https:\/\/www.youtube.com\/embed\/QMJX3cgPTBo?feature=oembed\" frameborder=\"0\" allow=\"accelerometer; autoplay; clipboard-write; encrypted-media; gyroscope; picture-in-picture; web-share\" referrerpolicy=\"strict-origin-when-cross-origin\" allowfullscreen><\/iframe><\/div>\n<p>Untertitel in Deutscher Sprache sind verf\u00fcgbar !<\/p>\n<hr>\n<p style=\"text-align: left;\"><em>Nicolas JEAN obtient son dipl\u00f4me de perfectionnement au Conservatoire de Strasbourg dans la classe de trombone de Nicolas Moutier en 2006. Il y obtient \u00e9galement son dipl\u00f4me de direction d\u2019orchestre en 2010 dans la classe de Miguel Etchegoncelay. Il passe parall\u00e8lement son master de musicologie \u00e0 l\u2019universit\u00e9 Marc Bloch de Strasbourg en 2010. Actuellement directeur des \u00e9coles de musique de Mertzwiller et d\u2019Offendorf, il est aussi directeur musical de l\u2019Ensemble Musical de Mertzwiller. S\u2019impliquant \u00e9galement dans le domaine p\u00e9dagogique, il enseigne le trombone \u00e0 travers le d\u00e9partement et porte des projets d\u2019orchestres \u00e0 l\u2019\u00e9cole \u00e0 Mertzwiller et Offendorf. En 2015, il forme l&rsquo;ensemble instrumental Jonas et prend en 2016 la direction du Collegium Cantorum de Strasbourg.&nbsp;<\/em><\/p>\n<p><img decoding=\"async\" class=\"size-medium wp-image-311 aligncenter\" src=\"https:\/\/i0.wp.com\/orchestrejonas.eu\/wp-content\/uploads\/2018\/02\/nicojean2.jpg?resize=200%2C300\" alt=\"\" width=\"200\" height=\"300\" srcset=\"https:\/\/i0.wp.com\/orchestrejonas.eu\/wp-content\/uploads\/2018\/02\/nicojean2.jpg?resize=200%2C300&amp;ssl=1 200w, https:\/\/i0.wp.com\/orchestrejonas.eu\/wp-content\/uploads\/2018\/02\/nicojean2.jpg?resize=267%2C400&amp;ssl=1 267w, https:\/\/i0.wp.com\/orchestrejonas.eu\/wp-content\/uploads\/2018\/02\/nicojean2.jpg?w=640&amp;ssl=1 640w\" sizes=\"(max-width: 200px) 100vw, 200px\" data-recalc-dims=\"1\" \/><\/p>\n<p>&nbsp;<\/p>\n","protected":false},"excerpt":{"rendered":"<p>&nbsp;&nbsp; &nbsp; &nbsp;&nbsp; L\u2019orchestre Jonas est un ensemble symphonique franco-allemand cr\u00e9\u00e9 en 2015. Les musiciens amateurs et semi-professionnels qui le composent sont \u00e2g\u00e9s de 15 \u00e0 65 ans. Au travers de la musique, Jonas a pour ambition de cr\u00e9er des liens entre les g\u00e9n\u00e9rations et les diff\u00e9rentes cultures. De Bach \u00e0 John Williams, en passant &hellip; <a href=\"https:\/\/orchestrejonas.eu\/index.php\/accueil\/qui-sommes-nous\/\" class=\"more-link\">Continue reading <span class=\"screen-reader-text\">Qui sommes-nous ?<\/span> <span class=\"meta-nav\">&rarr;<\/span><\/a><\/p>\n","protected":false},"author":1,"featured_media":0,"parent":7,"menu_order":0,"comment_status":"closed","ping_status":"closed","template":"","meta":{"ngg_post_thumbnail":0,"footnotes":""},"yoast_head":"<!-- This site is optimized with the Yoast SEO plugin v23.6 - https:\/\/yoast.com\/wordpress\/plugins\/seo\/ -->\n<title>Qui sommes-nous ? - Orchestre Jonas<\/title>\n<meta name=\"robots\" content=\"index, follow, max-snippet:-1, max-image-preview:large, max-video-preview:-1\" \/>\n<link rel=\"canonical\" href=\"https:\/\/orchestrejonas.eu\/index.php\/accueil\/qui-sommes-nous\/\" \/>\n<meta property=\"og:locale\" content=\"fr_FR\" \/>\n<meta property=\"og:type\" content=\"article\" \/>\n<meta property=\"og:title\" content=\"Qui sommes-nous ? - Orchestre Jonas\" \/>\n<meta property=\"og:description\" content=\"&nbsp;&nbsp; &nbsp; &nbsp;&nbsp; L\u2019orchestre Jonas est un ensemble symphonique franco-allemand cr\u00e9\u00e9 en 2015. Les musiciens amateurs et semi-professionnels qui le composent sont \u00e2g\u00e9s de 15 \u00e0 65 ans. Au travers de la musique, Jonas a pour ambition de cr\u00e9er des liens entre les g\u00e9n\u00e9rations et les diff\u00e9rentes cultures. De Bach \u00e0 John Williams, en passant &hellip; Continue reading Qui sommes-nous ? &rarr;\" \/>\n<meta property=\"og:url\" content=\"https:\/\/orchestrejonas.eu\/index.php\/accueil\/qui-sommes-nous\/\" \/>\n<meta property=\"og:site_name\" content=\"Orchestre Jonas\" \/>\n<meta property=\"article:modified_time\" content=\"2018-06-04T14:28:59+00:00\" \/>\n<meta property=\"og:image\" content=\"http:\/\/orchestrejonas.eu\/wp-content\/uploads\/2018\/02\/jonas-auditorium.jpg\" \/>\n<meta name=\"twitter:card\" content=\"summary_large_image\" \/>\n<meta name=\"twitter:label1\" content=\"Dur\u00e9e de lecture estim\u00e9e\" \/>\n\t<meta name=\"twitter:data1\" content=\"1 minute\" \/>\n<script type=\"application\/ld+json\" class=\"yoast-schema-graph\">{\"@context\":\"https:\/\/schema.org\",\"@graph\":[{\"@type\":\"WebPage\",\"@id\":\"https:\/\/orchestrejonas.eu\/index.php\/accueil\/qui-sommes-nous\/\",\"url\":\"https:\/\/orchestrejonas.eu\/index.php\/accueil\/qui-sommes-nous\/\",\"name\":\"Qui sommes-nous ? - Orchestre Jonas\",\"isPartOf\":{\"@id\":\"https:\/\/orchestrejonas.eu\/#website\"},\"primaryImageOfPage\":{\"@id\":\"https:\/\/orchestrejonas.eu\/index.php\/accueil\/qui-sommes-nous\/#primaryimage\"},\"image\":{\"@id\":\"https:\/\/orchestrejonas.eu\/index.php\/accueil\/qui-sommes-nous\/#primaryimage\"},\"thumbnailUrl\":\"http:\/\/orchestrejonas.eu\/wp-content\/uploads\/2018\/02\/jonas-auditorium.jpg\",\"datePublished\":\"2018-05-29T21:25:33+00:00\",\"dateModified\":\"2018-06-04T14:28:59+00:00\",\"breadcrumb\":{\"@id\":\"https:\/\/orchestrejonas.eu\/index.php\/accueil\/qui-sommes-nous\/#breadcrumb\"},\"inLanguage\":\"fr-FR\",\"potentialAction\":[{\"@type\":\"ReadAction\",\"target\":[\"https:\/\/orchestrejonas.eu\/index.php\/accueil\/qui-sommes-nous\/\"]}]},{\"@type\":\"ImageObject\",\"inLanguage\":\"fr-FR\",\"@id\":\"https:\/\/orchestrejonas.eu\/index.php\/accueil\/qui-sommes-nous\/#primaryimage\",\"url\":\"https:\/\/i0.wp.com\/orchestrejonas.eu\/wp-content\/uploads\/2018\/02\/jonas-auditorium.jpg?fit=1920%2C719&ssl=1\",\"contentUrl\":\"https:\/\/i0.wp.com\/orchestrejonas.eu\/wp-content\/uploads\/2018\/02\/jonas-auditorium.jpg?fit=1920%2C719&ssl=1\",\"width\":1920,\"height\":719},{\"@type\":\"BreadcrumbList\",\"@id\":\"https:\/\/orchestrejonas.eu\/index.php\/accueil\/qui-sommes-nous\/#breadcrumb\",\"itemListElement\":[{\"@type\":\"ListItem\",\"position\":1,\"name\":\"Accueil\",\"item\":\"https:\/\/orchestrejonas.eu\/\"},{\"@type\":\"ListItem\",\"position\":2,\"name\":\"A propos\",\"item\":\"https:\/\/orchestrejonas.eu\/\"},{\"@type\":\"ListItem\",\"position\":3,\"name\":\"Qui sommes-nous ?\"}]},{\"@type\":\"WebSite\",\"@id\":\"https:\/\/orchestrejonas.eu\/#website\",\"url\":\"https:\/\/orchestrejonas.eu\/\",\"name\":\"Orchestre Jonas\",\"description\":\"Orchestre symphonique franco-allemand\",\"publisher\":{\"@id\":\"https:\/\/orchestrejonas.eu\/#organization\"},\"potentialAction\":[{\"@type\":\"SearchAction\",\"target\":{\"@type\":\"EntryPoint\",\"urlTemplate\":\"https:\/\/orchestrejonas.eu\/?s={search_term_string}\"},\"query-input\":{\"@type\":\"PropertyValueSpecification\",\"valueRequired\":true,\"valueName\":\"search_term_string\"}}],\"inLanguage\":\"fr-FR\"},{\"@type\":\"Organization\",\"@id\":\"https:\/\/orchestrejonas.eu\/#organization\",\"name\":\"Orchestre Jonas\",\"url\":\"https:\/\/orchestrejonas.eu\/\",\"logo\":{\"@type\":\"ImageObject\",\"inLanguage\":\"fr-FR\",\"@id\":\"https:\/\/orchestrejonas.eu\/#\/schema\/logo\/image\/\",\"url\":\"https:\/\/i0.wp.com\/orchestrejonas.eu\/wp-content\/uploads\/2018\/02\/cropped-Jonas_logo_v7c2-1-1.png?fit=1000%2C1000&ssl=1\",\"contentUrl\":\"https:\/\/i0.wp.com\/orchestrejonas.eu\/wp-content\/uploads\/2018\/02\/cropped-Jonas_logo_v7c2-1-1.png?fit=1000%2C1000&ssl=1\",\"width\":1000,\"height\":1000,\"caption\":\"Orchestre Jonas\"},\"image\":{\"@id\":\"https:\/\/orchestrejonas.eu\/#\/schema\/logo\/image\/\"}}]}<\/script>\n<!-- \/ Yoast SEO plugin. -->","yoast_head_json":{"title":"Qui sommes-nous ? - Orchestre Jonas","robots":{"index":"index","follow":"follow","max-snippet":"max-snippet:-1","max-image-preview":"max-image-preview:large","max-video-preview":"max-video-preview:-1"},"canonical":"https:\/\/orchestrejonas.eu\/index.php\/accueil\/qui-sommes-nous\/","og_locale":"fr_FR","og_type":"article","og_title":"Qui sommes-nous ? - Orchestre Jonas","og_description":"&nbsp;&nbsp; &nbsp; &nbsp;&nbsp; L\u2019orchestre Jonas est un ensemble symphonique franco-allemand cr\u00e9\u00e9 en 2015. Les musiciens amateurs et semi-professionnels qui le composent sont \u00e2g\u00e9s de 15 \u00e0 65 ans. Au travers de la musique, Jonas a pour ambition de cr\u00e9er des liens entre les g\u00e9n\u00e9rations et les diff\u00e9rentes cultures. De Bach \u00e0 John Williams, en passant &hellip; Continue reading Qui sommes-nous ? &rarr;","og_url":"https:\/\/orchestrejonas.eu\/index.php\/accueil\/qui-sommes-nous\/","og_site_name":"Orchestre Jonas","article_modified_time":"2018-06-04T14:28:59+00:00","og_image":[{"url":"http:\/\/orchestrejonas.eu\/wp-content\/uploads\/2018\/02\/jonas-auditorium.jpg"}],"twitter_card":"summary_large_image","twitter_misc":{"Dur\u00e9e de lecture estim\u00e9e":"1 minute"},"schema":{"@context":"https:\/\/schema.org","@graph":[{"@type":"WebPage","@id":"https:\/\/orchestrejonas.eu\/index.php\/accueil\/qui-sommes-nous\/","url":"https:\/\/orchestrejonas.eu\/index.php\/accueil\/qui-sommes-nous\/","name":"Qui sommes-nous ? - Orchestre Jonas","isPartOf":{"@id":"https:\/\/orchestrejonas.eu\/#website"},"primaryImageOfPage":{"@id":"https:\/\/orchestrejonas.eu\/index.php\/accueil\/qui-sommes-nous\/#primaryimage"},"image":{"@id":"https:\/\/orchestrejonas.eu\/index.php\/accueil\/qui-sommes-nous\/#primaryimage"},"thumbnailUrl":"http:\/\/orchestrejonas.eu\/wp-content\/uploads\/2018\/02\/jonas-auditorium.jpg","datePublished":"2018-05-29T21:25:33+00:00","dateModified":"2018-06-04T14:28:59+00:00","breadcrumb":{"@id":"https:\/\/orchestrejonas.eu\/index.php\/accueil\/qui-sommes-nous\/#breadcrumb"},"inLanguage":"fr-FR","potentialAction":[{"@type":"ReadAction","target":["https:\/\/orchestrejonas.eu\/index.php\/accueil\/qui-sommes-nous\/"]}]},{"@type":"ImageObject","inLanguage":"fr-FR","@id":"https:\/\/orchestrejonas.eu\/index.php\/accueil\/qui-sommes-nous\/#primaryimage","url":"https:\/\/i0.wp.com\/orchestrejonas.eu\/wp-content\/uploads\/2018\/02\/jonas-auditorium.jpg?fit=1920%2C719&ssl=1","contentUrl":"https:\/\/i0.wp.com\/orchestrejonas.eu\/wp-content\/uploads\/2018\/02\/jonas-auditorium.jpg?fit=1920%2C719&ssl=1","width":1920,"height":719},{"@type":"BreadcrumbList","@id":"https:\/\/orchestrejonas.eu\/index.php\/accueil\/qui-sommes-nous\/#breadcrumb","itemListElement":[{"@type":"ListItem","position":1,"name":"Accueil","item":"https:\/\/orchestrejonas.eu\/"},{"@type":"ListItem","position":2,"name":"A propos","item":"https:\/\/orchestrejonas.eu\/"},{"@type":"ListItem","position":3,"name":"Qui sommes-nous ?"}]},{"@type":"WebSite","@id":"https:\/\/orchestrejonas.eu\/#website","url":"https:\/\/orchestrejonas.eu\/","name":"Orchestre Jonas","description":"Orchestre symphonique franco-allemand","publisher":{"@id":"https:\/\/orchestrejonas.eu\/#organization"},"potentialAction":[{"@type":"SearchAction","target":{"@type":"EntryPoint","urlTemplate":"https:\/\/orchestrejonas.eu\/?s={search_term_string}"},"query-input":{"@type":"PropertyValueSpecification","valueRequired":true,"valueName":"search_term_string"}}],"inLanguage":"fr-FR"},{"@type":"Organization","@id":"https:\/\/orchestrejonas.eu\/#organization","name":"Orchestre Jonas","url":"https:\/\/orchestrejonas.eu\/","logo":{"@type":"ImageObject","inLanguage":"fr-FR","@id":"https:\/\/orchestrejonas.eu\/#\/schema\/logo\/image\/","url":"https:\/\/i0.wp.com\/orchestrejonas.eu\/wp-content\/uploads\/2018\/02\/cropped-Jonas_logo_v7c2-1-1.png?fit=1000%2C1000&ssl=1","contentUrl":"https:\/\/i0.wp.com\/orchestrejonas.eu\/wp-content\/uploads\/2018\/02\/cropped-Jonas_logo_v7c2-1-1.png?fit=1000%2C1000&ssl=1","width":1000,"height":1000,"caption":"Orchestre Jonas"},"image":{"@id":"https:\/\/orchestrejonas.eu\/#\/schema\/logo\/image\/"}}]}},"jetpack_sharing_enabled":true,"_links":{"self":[{"href":"https:\/\/orchestrejonas.eu\/index.php\/wp-json\/wp\/v2\/pages\/1310"}],"collection":[{"href":"https:\/\/orchestrejonas.eu\/index.php\/wp-json\/wp\/v2\/pages"}],"about":[{"href":"https:\/\/orchestrejonas.eu\/index.php\/wp-json\/wp\/v2\/types\/page"}],"author":[{"embeddable":true,"href":"https:\/\/orchestrejonas.eu\/index.php\/wp-json\/wp\/v2\/users\/1"}],"replies":[{"embeddable":true,"href":"https:\/\/orchestrejonas.eu\/index.php\/wp-json\/wp\/v2\/comments?post=1310"}],"version-history":[{"count":5,"href":"https:\/\/orchestrejonas.eu\/index.php\/wp-json\/wp\/v2\/pages\/1310\/revisions"}],"predecessor-version":[{"id":1530,"href":"https:\/\/orchestrejonas.eu\/index.php\/wp-json\/wp\/v2\/pages\/1310\/revisions\/1530"}],"up":[{"embeddable":true,"href":"https:\/\/orchestrejonas.eu\/index.php\/wp-json\/wp\/v2\/pages\/7"}],"wp:attachment":[{"href":"https:\/\/orchestrejonas.eu\/index.php\/wp-json\/wp\/v2\/media?parent=1310"}],"curies":[{"name":"wp","href":"https:\/\/api.w.org\/{rel}","templated":true}]}}